b**2 - 62*b + 435. Determine k(6).
-9
Let p(w) = w**2 + 118165*w + 1890456. What is p(-16)?
72
Let h(s) = 1227*s + 42909. Calculate h(-35).
-36
Let s(q) = 2*q**3 + 37*q**2 - 41*q - 1060. Determine s(-18).
2
Let a(f) = -9*f**2 + 1231*f - 5682. What is a(132)?
-6
Let k(m) = 250*m - 11621. Give k(46).
-121
Let a(l) = l**3 + 194*l**2 + 4646*l - 344. Give a(-166).
-12
Let i(r) = -r**2 + 6227*r + 37405. Give i(-6).
7
Let p(i) = 3*i**2 + 67*i + 3. Give p(-12).
-369
Let g(h) = -661*h - 110440. Give g(-167).
-53
Let h(v) = -v**2 - 204*v + 3888. Give h(-215).
1523
Let v(b) = -17*b**2 - 813*b - 776. Calculate v(-1).
20
Let t(w) = -59382*w + 1247014. What is t(21)?
-8
Let w(q) = 2814*q - 1144980. Calculate w(407).
318
Let u(s) = -81*s**2 + 425*s - 1710. Calculate u(4).
-1306
Let w(g) = -g**3 - 188*g**2 - 897*g + 306. Determine w(-183).
-2988
Let y(j) = 2*j**2 - 316*j + 3037. Give y(10).
77
Let y(p) = -822*p**2 - 30*p - 41. Determine y(-1).
-833
Let g(s) = -s**3 + 88*s**2 + 1351*s - 60. Give g(-13).
-554
Let f(j) = -j**3 - 59*j**2 - 130*j + 912. What is f(-56)?
-1216
Let n(p) = 20892*p - 355426. Determine n(17).
-262
Let k(a) = -218*a**3 + 55*a**2 + 84*a - 47. Calculate k(-2).
1749
Let k(g) = -g**3 + 5*g**2 - 169*g + 39. Calculate k(0).
39
Let n(p) = 801*p + 205805. Determine n(-257).
-52
Let v(k) = 6379*k - 6269. What is v(1)?
110
Let m(o) = 5*o**2 - 37*o + 48. Give m(13).
412
Let d(p) = 62128*p + 21931179. What is d(-353)?
-5
Let p(a) = 9289*a**2 - 64994*a - 283. Give p(7).
-80
Let g(p) = -224633*p - 674002. Give g(-3).
-103
Let y(s) = -67041*s + 536307. What is y(8)?
-21
Let p(l) = -27*l**2 + 2973*l - 6174. What is p(108)?
-18
Let d(a) = -4967*a + 357635. Determine d(72).
11
Let h(m) = m**3 + 19*m**2 + 96*m + 221. Give h(-12).
77
Let i(s) = s**3 - 25*s**2 + 41*s - 95. Give i(23).
-210
Let i(s) = s**2 - 176*s - 2029. Determine i(-12).
227
Let g(t) = -13*t**2 - 77*t + 392. Give g(5).
-318
Let o(z) = z**3 + z**2 - 1239*z - 12415. Determine o(-11).
4
Let v(a) = 29*a**2 + 259*a - 10492. Determine v(-24).
-4
Let p(s) = s**2 - 1434*s - 530450. Calculate p(-305).
-55
Let t(m) = -4*m**2 + 500*m - 3395. Give t(7).
-91
Let u(o) = -8*o**3 + 407*o**2 - 3521*o + 2. Determine u(11).
-130
Let s(u) = -9*u**2 + 820*u + 4072. Calculate s(-5).
-253
Let y(k) = 275*k + 1614. What is y(2)?
2164
Let w(r) = -2*r**3 + 569*r**2 - 13441*r + 6. Calculate w(26).
32
Let l(h) = -2*h**3 - 29*h**2 - 352*h - 4103. Give l(-13).
-34
Let y(c) = 2313*c + 85816. Calculate y(-37).
235
Let g(s) = s**3 + 33*s**2 - 36*s - 540. Give g(-33).
648
Let u(c) = -80*c**2 + 34581*c - 9016. Determine u(432).
56
Let r(c) = -6*c**2 - 2369*c - 6739. Give r(-392).
-75
Let l(i) = -298224*i + 298228. What is l(1)?
4
Let d(z) = -24*z**2 + 95*z - 309. Give d(0).
-309
Let f(d) = 1676*d**2 - 1193*d - 1193. Determine f(-1).
1676
Let d(s) = s**2 + 6144*s - 4843653. Determine d(707).
4
Let v(j) = -2*j**2 + 71277*j - 285064. Calculate v(4).
12
Let f(o) = -o**3 - 33*o**2 - 181*o - 3623. What is f(-31)?
66
Let h(g) = 2*g**3 - 151*g**2 + 22*g + 3988. Determine h(75).
13
Let u(f) = -669*f + 404141. What is u(604)?
65
Let m(h) = 8*h**3 - 745*h**2 - 797*h + 13072. Give m(94).
6
Let g(c) = -10753*c**2 + 548398*c + 263. Give g(51).
8
Let u(w) = -4*w**3 - w**2 + 12*w - 26. Calculate u(3).
-107
Let p(w) = -5178*w - 196752. Give p(-38).
12
Let s(m) = 3*m**3 - 4559*m**2 - 15162*m - 103567. Calculate s(1523).
-3
Let x(u) = -1825*u**2 + 9124*u - 1. Determine x(5).
-6
Let n(j) = 418*j**2 - 2921*j - 29. Determine n(7).
6
Let v(i) = -i**3 + 32*i**2 + 291*i + 1. What is v(-7)?
-125
Let c(y) = -188642*y - 1886414. What is c(-10)?
6
Let a(t) = -2869*t - 44855. What is a(-18)?
6787
Let x(v) = 67969*v - 747563. Calculate x(11).
96
Let k(f) = 3*f**2 + 4126*f + 171879. Give k(-43).
8
Let v(c) = 38683*c + 889760. Give v(-23).
51
Let a(t) = 94*t + 7050. What is a(-97)?
-2068
Let z(s) = -10*s**3 - 3*s**2 + 57*s - 155. Calculate z(3).
-281
Let y(o) = -o**2 - 71*o - 905. Calculate y(-44).
283
Let y(k) = k**3 - 55*k**2 - 143*k + 893. What is y(57)?
-760
Let a(i) = 697*i + 1689. Determine a(-3).
-402
Let z(c) = c**2 - 42*c - 394. Give z(-8).
6
Let d(j) = j**3 + 526*j**2 + 41612*j - 447. Determine d(-429).
-18
Let a(r) = -r**2 - 7*r + 740. Give a(-31).
-4
Let b(m) = m**3 + 17*m**2 - 318*m - 148. What is b(-28)?
132
Let k(m) = -3*m**2 - 89*m - 1257. Determine k(-21).
-711
Let h(b) = 2*b**2 - 273*b - 3059. Determine h(146).
-285
Let j(t) = -2342*t - 79683. Determine j(-34).
-55
Let j(o) = 2162*o - 3671. What is j(3)?
2815
Let y(i) = 5039*i - 13000634. Determine y(2580).
-14
Let o(b) = -671*b - 13124. What is o(-17)?
-1717
Let g(x) = -16*x**3 - 113*x**2 + 41*x - 2. Determine g(-7).
-338
Let z(i) = 3*i**2 - 6488*i - 177368. Give z(-27).
-5
Let t(o) = -12328*o - 591015. Give t(-48).
729
Let n(s) = 1382*s**2 + 37324*s - 25. Calculate n(-27).
-295
Let n(m) = -1066*m + 3738. Calculate n(3).
540
Let l(u) = -u**3 + 86*u**2 - 476*u + 583. Determine l(4).
-9
Let k(o) = o**3 + 73*o**2 + 219*o + 10582. Calculate k(-72).
-2
Let m(t) = 6*t**2 - 355*t - 8024. Calculate m(79).
1377
Let j(d) = -2*d**3 + 165*d**2 - 1880*d - 521. Calculate j(14).
11
Let f(r) = r**3 + r**2 + 34*r - 561. What is f(7)?
69
Let b(i) = 10*i**2 + 1039*i - 167. Determine b(-103).
-1094
Let q(p) = 21523*p + 215121. Calculate q(-10).
-109
Let k(d) = 3*d**2 + 744*d - 11787. Calculate k(-265).
1728
Let y(s) = -714*s - 68887. Give y(-97).
371
Let i(h) = -h**3 - 15*h**2 - 533*h - 3334. What is i(-7)?
5
Let m(j) = -j**2 - 124*j + 7319. Give m(-169).
-286
Let h(j) = j**3 - 7*j**2 + 6241*j + 44284. What is h(-7)?
-89
Let c(d) = -2*d**2 + 57*d - 702. Calculate c(39).
-1521
Let q(z) = 21865*z + 174880. Calculate q(-8).
-40
Let z(b) = -b**2 - 405*b + 13055. Determine z(-435).
5
Let m(v) = 176*v**2 - 2814*v - 23. Calculate m(16).
9
Let j(r) = 42*r - 3301. Give j(77).
-67
Let w(l) = -l**2 + 418364*l + 1673490. Give w(-4).
18
Let q(z) = -z**3 + 86*z**2 - 237*z + 4610. What is q(84)?
-1186
Let q(o) = o**2 + 38*o - 2726. Determine q(-67).
-783
Let i(g) = -121*g**3 + 5084*g**2 - 72*g - 491. Calculate i(42).
13
Let u(v) = 45*v**2 + 22901*v + 20825. Give u(-508).
-3
Let k(m) = 1272*m - 184461. Calculate k(145).
-21
Let d(j) = 159*j**2 - 1735*j - 681. Determine d(11).
-527
Let v(x) = 2*x**2 + 10126*x + 60715. What is v(-6)?
31
Let q(z) = 2366*z - 421175. What is q(178)?
-27
Let m(u) = u**2 + 1838*u + 1838. Give m(-1).
1
Let p(c) = 189*c + 7080. Calculate p(-3).
6513
Let i(x) = -5624831*x + 11249658. What is i(2)?
-4
Let b(p) = -90*p**3 + 181*p**2 + 207*p + 19. What is b(-1)?
83
Let f(o) = 147128*o**2 + 1471280*o + 10. What is f(-10)?
10
Let o(i) = 4187*i - 255600. Calculate o(61).
-193
Let p(f) = -4*f**3 - 48*f**2 - 8*f + 221. Determine p(-10).
-499
Let b(i) = 5*i**2 - 6*i - 64. Give b(-6).
152
Let a(p) = 241*p**2 + 66*p + 408. What is a(-4)?
4000
Let z(m) = m**2 - 433693*m + 3. What is z(0)?
3
Let p(w) = 10*w**2 + 1130*w + 9396. Determine p(-9).
36
Let o(g) = 2*g**3 - 88*g**2 - 345*g - 740. What is o(48)?
1132
Let o(w) = -w**3 + 13*w**2 + 39*w - 116. Give o(18).
-1034
Let k(x) = -178790*x + 893961. What is k(5)?
11
Let p(n) = -121*n**3 + 6*n**2 - 4*n - 5. Calculate p(-1).
126
Let s(x) = -1032*x**2 + 70166*x + 655. Give s(68).
-25
Let z(x) = 3107*x - 40440. Determine z(13).
-49
Let h(w) = -8*w**2 - 3374*w + 18130. Calculate h(-427).
196
Let n(q) = 15447*q + 154469. What is n(-10)?
-1
Let j(h) = -358*h - 29148. Give j(-80).
-508
Let s(p) = -8*p**2 - 15375*p - 107669. Give s(-7).
-436
Let i(m) = -191*m - 1632. Determine i(-10).
278
Let d(l) = -10*l**3 + 6240*l**2 - 49289*l + 5544. Give d(616).
0
Let k(d) = 182*d**2 - 4536*d - 355. Determine k(25).
-5
Let f(i) = -3036*i**2 - 518*i - 517. Determine f(-1).
-3035
Let k(r) = -r**3 - 366*r**2 - 117*r - 42817. What is k(-366)?
5
Let a(p) = -128*p + 42544. Calculate a(332).
48
Let a(x) = -2*x**2 + 339*x - 9273. Give a(33).
-264
Let l(m) = -m**3 + 20*m**2 - 60*m + 35. Calculate l(10).
435
Let g(t) = 2*t**2 + 249*t + 3143. Give g(-106).
-779
Let x(n) = -n**3 - 27*n**2 - 163*n - 561. Give x(-21).
216
Let p(y) = -615*y - 116202. Give p(-189).
33
Let i(q) = 1191*q + 14298. What is i(-12)?
6
Let c(t) = 7*t**2 - 19160*t - 915995. Calculate c(-47).
-12
Let n(k) = 7267*k**2 + 2361